 What is the greatest common factor of n and 112?
28
Suppose -910 = -27*b + 17*b. Calculate the greatest common factor of b and 13.
13
Let z(u) = 10*u**2 - u - 1. Let g be z(1). What is the greatest common factor of 200 and g?
8
Suppose -l - 4*l = -260. Let g be 2/7 + l/14. Let b(z) = 2*z**2 - 2*z + 6. Let k be b(g). Calculate the highest common factor of k and 10.
10
Suppose 5*v - 8 = r + 21, -4 = -4*r. Let n = -14 - -7. Let x be (24/(-28))/(1/n). Calculate the highest common divisor of x and v.
6
Let y = 33 + -19. Let u be (3 - 24)/(-3)*2. What is the highest common divisor of y and u?
14
Suppose 3*y + y - 40 = 0. Calculate the greatest common divisor of y and 40.
10
Let a(c) = -76*c + 4. Let m be a(-1). Calculate the greatest common divisor of 16 and m.
16
Suppose n = 4*t, -3*n - 15 = -8*n + 5*t. Suppose 2*c = n + 2. Suppose g - c = 5. Calculate the greatest common factor of 8 and g.
8
Suppose 0 = -4*b - 2*c + 10, 5*b - 4*c - 9 = -3*c. Let d be (-3)/(b/(-60)*2). Calculate the greatest common divisor of 5 and d.
5
Let j(o) = -o**2 + 3*o + 9. Let s be j(7). Let d = -13 - s. What is the greatest common divisor of d and 2?
2
Let q = -19 + 22. What is the greatest common divisor of q and 6?
3
Suppose -j = -4*r - 46, -4*j - 5*r - 13 + 113 = 0. What is the greatest common divisor of 20 and j?
10
Let o = 19 + -7. Let q = 9 + -6. Suppose -q*z + 41 = 3*c + 2*z, -5*c = 4*z - 64. What is the highest common factor of o and c?
12
Let s(f) = -f**3 - f**2 + f + 22. Let b be s(0). Let k be (-2 + -7)/(-1) + -2. Let r = k - 5. Calculate the greatest common factor of r and b.
2
Let u = -45 - -54. What is the greatest common factor of 27 and u?
9
Suppose -2*q = -3*i + 108 + 289, -3*i + q = -398. Calculate the highest common factor of 19 and i.
19
Let t(c) = 30*c**2 + 0 - 1 - c + 4*c**2. Let b be t(-1). Suppose v + 8 - 25 = 0. What is the highest common divisor of b and v?
17
Let s be (-1)/((-2 - -1)/7). Let p = s + -4. Let j be 6/9*p*5. Calculate the highest common factor of j and 1.
1
Let n be 1734/10 + 4/(-10). Let z = n + -79. Suppose 4*k - z = 26. Calculate the highest common divisor of k and 75.
15
Let s be (-4)/(-10) + 8/5. Suppose -n = 4*r - 3*n - 8, -r - 1 = -2*n. Calculate the highest common divisor of s and r.
1
Let v be 10*(20/(-8) + 4). What is the greatest common factor of 15 and v?
15
Let m = -12 - -22. Let y(f) = -f**3 + 7*f**2 - 4*f - 7. Let z be y(4). What is the highest common factor of z and m?
5
Let u(v) = 2*v**3 - 28*v**2 + 29*v - 21. Let c be u(13). What is the highest common factor of 144 and c?
18
Suppose 5*u - 17 = -3*n, -8*n = -3*n - 4*u - 53. Calculate the greatest common factor of 27 and n.
9
Suppose u = 5*b - 62, -5*u + u = -4*b + 40. What is the highest common factor of b and 104?
13
Suppose -v - c + 48 = 0, 4*v = -v + 2*c + 240. Let q(z) = -3*z - 6. Let d be q(-4). Calculate the highest common divisor of v and d.
6
Suppose z + z - 38 = 0. Let s = z + -8. What is the highest common divisor of 33 and s?
11
Let x(r) = r**2 + 10*r + 11. Let p be x(-9). Let u be (-2)/p + 162/2. What is the highest common factor of u and 16?
16
Let o be (0 - 2)/(1/2). Let i be o/(-6)*306/12. What is the greatest common divisor of i and 51?
17
Let m = -1 + -3. Let x(k) = -3*k**2 - 5*k**2 - k**3 + 5*k**2 - 4. Let t be x(m). Calculate the greatest common factor of t and 24.
12
Suppose -3*w = -2*w. Suppose 1 = -2*i + 7. Let u be (6 - (4 - i)) + w. Calculate the highest common divisor of 1 and u.
1
Let v be ((-68)/2 - 1)/(-1). Let n = -19 + v. What is the greatest common divisor of n and 8?
8
Let h(j) = 3*j**2 + j + 1. Let a be h(-1). Let k = 6 - a. Let c be -2 + 4 + 6/k. What is the greatest common factor of 10 and c?
2
Let u(o) = 8*o + 1. Let h be u(2). Suppose 2*r + 7 - 41 = 0. Calculate the highest common factor of h and r.
17
Let u = 75 + -24. What is the highest common factor of 68 and u?
17
Suppose -112 = -5*x + 3*q, q + 24 = -0*x + x. Suppose -4*i - 100 = -0*i. Let f be 98/10 - 5/i. What is the greatest common divisor of x and f?
10
Let z be (-2)/((-92)/(-32) - 3). Calculate the highest common divisor of 112 and z.
16
Let z = -21 - -42. Let u = 14 - -7. What is the greatest common divisor of u and z?
21
Suppose -4*m + 5*w - 31 = 0, 3*m = -2*m + 2*w - 43. Let q(a) = a**2 + 7*a - 9. Let y be q(m). What is the highest common divisor of 72 and y?
9
Suppose -3*g + 18 = -g. Let m = 9 + g. Calculate the highest common divisor of m and 144.
18
Suppose -5 - 7 = -3*n. Suppose -3*s = -n*l - s, 3*s = 6. What is the greatest common divisor of l and 2?
1
Suppose -j + 2*j + 3 = 0. Let b = j + 5. What is the highest common divisor of b and 8?
2
Let k be (-38)/14 - (-8)/(-28). Let u(a) = a**2 + 2*a - 1. Let g be u(k). Suppose -g*i = i - 36. Calculate the highest common factor of i and 12.
12
Suppose 2*k = k - 10. Let s = 8 - k. What is the highest common factor of s and 126?
18
Suppose 5*l - 36 = -11. Suppose 0 = 5*y - 1 - 99. What is the greatest common factor of y and l?
5
Let i = 3 - -1. Suppose 40 = -i*f + 8*f. What is the highest common divisor of 40 and f?
10
Suppose 3*g = -3*l, -2*l = -2*g + 2*l + 18. Let w = 8 - g. Suppose -4*a = 2*c - 4, -c + 0*c + w*a = -9. What is the highest common divisor of c and 20?
4
Suppose 2*b + 3 = 3*b. Suppose -f - 7 = -5*y + 7, -2*y + 2*f = -12. Calculate the highest common factor of b and y.
1
Let c(u) = -u**3 + 7*u**2 + 2*u - 9. Let a be c(7). Let k be (-3)/a*(3 + -23). What is the highest common factor of k and 60?
12
Suppose 0 = 5*j - 9 - 1. Calculate the greatest common factor of j and 2.
2
Let h be 1/(3/6) + 91/7. What is the greatest common factor of 75 and h?
15
Let r(w) be the third derivative of -w**4/24 + 2*w**3 - 6*w**2. Let z be r(5). Calculate the greatest common factor of 63 and z.
7
Suppose 3*z = -2*z - 890. Let c be z/4 - 9/6. Let o = -31 - c. What is the greatest common factor of o and 5?
5
Let t = -2 + -3. Let l(v) = -v. Let i(c) = -10*c - 7. Let h(z) = i(z) + l(z). Let k be h(t). What is the highest common factor of k and 8?
8
Let o(m) = -m**2 + 12*m - 8. Let s be o(10). Calculate the greatest common factor of s and 96.
12
Suppose -7 = 4*t - 19. Calculate the greatest common factor of t and 27.
3
Let j = -2 - -5. Let v(g) = 4 + j*g**2 - 12 - g - g**3 + 4*g**2. Let t be v(6). Calculate the highest common divisor of t and 33.
11
Let h be (-8531)/(-95) + (-1)/(-5). Suppose 4*q = -9 + 81. What is the highest common divisor of q and h?
18
Suppose -3*h = h + 4. Let m be 1*(-7)/(h + 0). Suppose 4*b = 2*b, 84 = 4*u - 5*b. What is the highest common factor of u and m?
7
Suppose 55 = -c + 6*c. Let z be (242/(-4))/((-1)/2). Calculate the greatest common divisor of z and c.
11
Let o(k) = 4*k - 1. Let c be o(2). Let l(d) = 4*d - 1. Let r be l(1). Suppose -5*v = -10, 4*g = r*g + 3*v + 8. Calculate the highest common divisor of g and c.
7
Let s(r) = -r**3 + 8*r**2 + r - 3. Let p be s(8). Let k = 9 - p. Suppose 15 = k*v - 5. What is the greatest common factor of v and 15?
5
Suppose 3*n - 4*n = -44. What is the greatest common factor of n and 66?
22
Let b be 1534/14 - (-2)/(-14)*-3. Calculate the greatest common factor of 44 and b.
22
Suppose -3*u = 13 - 4, 431 = 5*d - 2*u. Calculate the greatest common divisor of d and 34.
17
Suppose 0 = 3*x - 174 - 750. What is the greatest common factor of x and 28?
28
Let d = -86 + 94. Calculate the greatest common divisor of d and 68.
4
Let d(f) = f**2 + 10*f - 15. Let k be d(-11). Let r = k + 12. Calculate the highest common divisor of 88 and r.
8
Suppose -2*a + 2 + 16 = 0. What is the highest common divisor of a and 27?
9
Let l = 50 - 26. Let m be (-2)/(-7) - (-418)/7. Calculate the greatest common factor of m and l.
12
Let l = 175 + -123. What is the highest common factor of l and 130?
26
Let q(j) = -258*j**3. Let s be q(-1). Suppose -2*f - s = 2*f + 5*k, -5*k - 10 = 0. Let l be f/(-5) + (-2)/5. Calculate the highest common divisor of 96 and l.
12
Let g(p) = p**3 + 8*p**2 + 4*p - 6. Let j be ((-2)/(-3 - -1))/1. Let n be (j + 1)/(2/(-7)). Let k be g(n). What is the greatest common divisor of k and 15?
15
Suppose 2*q - 26 = -0*q. Let o(a) = a**2 + a + 13. Let v(l) = l + 2. Let n be v(-2). Let h be o(n). Calculate the highest common divisor of q and h.
13
Let t(g) = 4*g - 19. Let m b